 units digit of f?
2
Suppose -1929 = -21*z + 927. What is the tens digit of z?
3
Let j be (4 + -3)*(2 + -1). Let a be 6 - j/(1/2). Suppose 7*m - 3*u - 18 = 2*m, -2*m + 28 = a*u. What is the units digit of m?
6
What is the tens digit of (-1)/6 - 181/(-6)?
3
Let m(t) = t**3 + 2*t - 2. Let o = -1 + 1. Let f be (o - -1)/((-2)/(-4)). What is the units digit of m(f)?
0
Suppose l = -2*g - 2, -2*g - 2*g = 4. Let c(r) = r**2 - 2*r - 4 + 5 + l*r**2. What is the units digit of c(4)?
9
Let a = 2 - -79. What is the units digit of a?
1
Let o = 561 + -246. What is the units digit of o?
5
Let t be ((-28)/(-10))/(12/(-60)). Let b = t - -66. What is the tens digit of b?
5
Let m = 27 + -45. Let c = 42 + m. What is the units digit of c?
4
Suppose -13*x = -15*x + 28. What is the units digit of x?
4
Let t = 4 + -2. Suppose -t*q = -6*q + 28. What is the units digit of q?
7
Suppose -4 = o - 2*o. Suppose -t - 60 = -o*t. What is the units digit of t?
0
Let u(d) = d**2 + 3*d - 5. Let z be u(-5). Suppose -x + z = -1. What is the units digit of (x/2)/(-5 - -8)?
1
Let g = -8 - -12. Suppose 4*h + g = 5*h. What is the units digit of h?
4
What is the hundreds digit of (-6856)/(-64) - 2/16?
1
Let l(x) = 2*x**3 - 4*x**2 + x + 2. Let y be l(2). Let b = 19 - y. What is the tens digit of b?
1
Let h be (4/(-7))/(14/(-49)). Suppose -3*l - 2*n + 37 = h*l, -5*l - 3*n + 38 = 0. What is the units digit of l?
7
Let u = 19 - -69. What is the units digit of u?
8
Let a be -1*((-6)/(-3) - 2). Suppose a = j + 2, -3*q - q = 4*j - 28. Let d = -4 + q. What is the units digit of d?
5
What is the units digit of (32/20 - (-4)/10) + 0?
2
What is the tens digit of ((-32)/10)/(8/(-80))?
3
Let v(o) = 24*o**2 - 1. Let r be 6/(-4) + 1/2. What is the units digit of v(r)?
3
Let w = -12 + 6. Let s(j) = -j**2 - 8*j - 8. Let t be s(w). Suppose t*z = 56 - 8. What is the tens digit of z?
1
Let u(q) = 11*q + 1. Let i(y) = y - 5. Let j be i(7). What is the units digit of u(j)?
3
Let f be 3 + -4 + -1 - -17. Suppose -4*r = -3*r - f. What is the tens digit of r?
1
Let z = -4 - -12. What is the units digit of z?
8
Let p = -13 - -1. Let c = 17 + p. Suppose -2*s = -5*z + 33, -c*z - s + 34 = -2*s. What is the units digit of z?
7
Let t(d) = d**3 + 15*d**2 - 20*d + 19. What is the units digit of t(-16)?
3
Suppose 4*d - 469 = -3*d. What is the units digit of d?
7
Let a = 12 - -10. Suppose -5*g + 117 = a. What is the tens digit of g?
1
Suppose 0 = -3*w + 3. Let o be (1 + -1)/(-2)*w. Suppose o = 5*c - 10 - 15. What is the units digit of c?
5
Suppose 10*b = 5*b + 35. Let k(j) = j**2 - 5*j - 6. What is the units digit of k(b)?
8
Let l be 1/1 - (-2 - -1). Suppose -10 = -l*b + 12. What is the tens digit of b?
1
Let l be (8/(-1))/(8/(-4)). Suppose -5*a - 16 + 122 = 4*k, a + l*k = 18. What is the units digit of a?
2
Suppose -5*o + 261 = 3*v - 995, o + 2*v = 254. What is the tens digit of o?
5
Suppose 86 = z - 237. What is the tens digit of z?
2
Suppose 0 = -5*y + 4*y + 44. What is the units digit of y?
4
Let o(c) = -97*c - 13. What is the units digit of o(-3)?
8
Let c(a) = -a**2 + 4*a + 6. Let h be c(6). Let p(x) = x**2 + 3*x + 2. Let t be p(h). What is the units digit of ((-2)/5)/((-2)/t)?
4
Suppose -5*b = -640 - 620. What is the tens digit of b?
5
Suppose -4*c + 1174 = 2*b, 3*b + 0*b - 281 = -c. What is the units digit of c?
6
Let k(p) = -7*p**3 - 2*p**2 + 2*p + 3. Let a(v) = -v**3 - v**2 - v + 1. Let h(n) = -a(n) + k(n). What is the tens digit of h(-2)?
4
What is the tens digit of 29*(0 + 1)*1?
2
Let u be (0 - 1)/(7/(-14)). What is the units digit of (1 - 2)/(u/(-20))?
0
Suppose 3*m + 2*g + 5 = 0, 0 = -2*m - g + 2*g + 6. What is the tens digit of ((-5)/(-1))/(m/7)?
3
Let v(k) = 5*k**2 - 4*k - 5. Let f be v(-2). Let z = 29 + 3. Let x = z - f. What is the units digit of x?
9
Let w(y) = y**2 + 6*y + 2. Let p be w(-6). Suppose 0 = p*n - 4*t, 0*n + n + t = 15. What is the units digit of n?
0
Let m be (15/10)/(3/136). Let l = m + 34. What is the units digit of (10/(-15))/((-4)/l)?
7
Let w be 20/6*24/16. Suppose w*o - 29 = 76. What is the units digit of o?
1
Let b be (-3)/(9*-1)*27. Let j = -6 + b. What is the units digit of (-3 - -3)/j + 12?
2
Let i be 1*((-1)/(-1) + -3). Let b = 7 + i. Suppose -11 = 3*n + b*t, -n + 4*t + 19 = -0*n. What is the units digit of n?
3
Suppose -52 = -5*j + j. Let s(c) = 4*c + j*c**2 + 4*c + 4*c + 3 + c**3. What is the units digit of s(-12)?
3
Let u be ((-87)/6)/((-2)/4). Let h = -15 + u. Suppose 4*i = h + 2. What is the units digit of i?
4
Let v be 10*(-5)/(50/(-8)). Let l = v - 7. What is the units digit of l?
1
Suppose -5*q = -0*o - 3*o - 22, o - 5*q + 14 = 0. Let z(l) = l**3 - l**2 - 2*l - 3. Let m be z(3). Let d = o + m. What is the units digit of d?
5
Let c(y) be the first derivative of y**2/2 - 4*y - 3. Let p be c(-5). Let q = p + 19. What is the tens digit of q?
1
Let a = -8 + 3. Let x = a + 5. Suppose -5*l = 5*b - 15, l - 2*b + 9 - 24 = x. What is the units digit of l?
7
Suppose -5 = -4*q - 1, 5*q = -4*y + 241. What is the units digit of y?
9
Suppose -13*u = -8*u + 85. Let q = u - -44. What is the units digit of q?
7
Let u(r) = r**3 - r**2 - 4*r + 7. Let i(a) = a**3 - 2*a**2 - 5*a + 8. Let s = 21 + -15. Let v(c) = s*u(c) - 5*i(c). What is the units digit of v(-2)?
8
Suppose 2*x - 5*v - 32 = -7, 0 = 3*v + 15. What is the units digit of (6 - x)*(-20)/(-6)?
0
Let k = 8 - -40. Suppose 2*y = y + k. Suppose 0 = h - 4*m + 2*m, y = 5*h + 2*m. What is the units digit of h?
8
Suppose 0 = -t + 5*i + 132, t - i - 58 = 74. What is the tens digit of t?
3
Let g be (-1 - (-36)/16)*16. Suppose n = -g + 54. What is the units digit of n?
4
Let y(r) = -r**2 - 4*r + 1. Let o be y(-2). Suppose -o*x = -30 - 45. What is the units digit of x?
5
Suppose 0 = 2*o - 2*f, -7*o - 5*f = -2*o - 30. Suppose 0 = r + 2*l - 4, l - 5*l = -o*r + 2. Suppose r = -4*j + 50. What is the tens digit of j?
1
Let d be 1*2 + 2 + -1. Suppose -d*x = -x - 28. What is the units digit of x?
4
Suppose -5*w + 0*w = -90. What is the tens digit of w?
1
Suppose -4*d + 0*d + 276 = 0. Suppose -3*b - 3*q = -64 - 17, d = 2*b - 3*q. Suppose 3*c - b = -2*c. What is the units digit of c?
6
Let t = -1 - 1. Let w = 1 - t. Suppose -x - 3*x + 2*m = -36, -w*x - 4*m = -27. What is the units digit of x?
9
Suppose 2*k + 8 = 5*t - 9, k - 9 = -t. What is the units digit of (t/(-10))/((-1)/44)?
2
Let a = 126 + -87. What is the units digit of a?
9
Suppose a - 5*n = 4*a - 176, -4*a = -n - 227. What is the units digit of a?
7
Suppose 3*g + 5*u = 6 - 16, -4*u = -3*g - 46. Let i = -7 - g. What is the units digit of i?
3
Let b = 19 + -9. Let z = b - 5. Suppose -12 = y - z*y + 2*r, -11 = -3*y + 2*r. What is the units digit of y?
1
Let h be (1113/(-28))/(6/(-16)). Let n = h - 53. What is the tens digit of n?
5
Suppose 0 = -9*y + 13*y - 168. What is the tens digit of y?
4
Suppose 0 = -4*q - 2*g + 784, 8 = g + 12. What is the hundreds digit of q?
1
Let o(v) be the first derivative of v**4/4 - 11*v**3/3 - 5*v + 1. Let m be o(11). Let l(k) = k**3 + 5*k**2 - 2*k - 6. What is the units digit of l(m)?
4
Let l = 120 + -44. What is the units digit of l?
6
Let i = -1 + 5. Suppose 0 = -5*b + i + 1. What is the units digit of b?
1
What is the units digit of 10*(4 + -6)*-4?
0
Let s(a) = -2*a - 11. What is the units digit of s(-9)?
7
Let c be 3/(3/(-24)*-6). Let s(z) = z - 1. Let l be s(2). What is the units digit of 6/8 + l/c?
1
Let d = 37 + 11. What is the tens digit of d?
4
Let v = 40 + -67. Let i be 6/v - 74/(-9). What is the units digit of i - (-3)/(3/(-2))?
6
Suppose -4*u - 5*d = u - 75, 42 = 4*u - 5*d. What is the tens digit of u?
1
Let c be (-2)/6 + (-3)/(-9). Suppose c = 3*g - 0*g - 198. Suppose 0 = -4*w + g - 14. What is the units digit of w?
3
Let h = 103 + -35. What is the tens digit of h?
6
Suppose 2*n + 3*a - 2 - 15 = 0, -n - 3*a + 16 = 0. What is the units digit of (-9)/(-3) + (n - 1)?
3
Let w(t) = 13*t - 42. What is the units digit of w(7)?
9
Let t(m) = 34*m**3 + 3*m - 2. What is the tens digit of t(1)?
3
Suppose -2*p - 2*c = 3*c - 29, 2*c = 6. Let y = 19 + p. What is the units digit of y?
6
Let h be (-2 - (3 - 3)) + 2. What is the units digit of 31*(h - 3/(-3))?
1
Let v(i) = 15*i - 31. Let k(u) = -7*u + 15. Let t(a) = -9*k(a) - 4*v(a). Suppose -2*x + 16 = c - 2, 2*x - 3*c